et g be b(x). Let h(z) = 2*z**2 - z + 2. What is the tens digit of h(g)?
1
Let y(r) = -25*r - 96. Suppose 5*z - s = -52, 4*z = -0*s - 4*s - 32. What is the hundreds digit of y(z)?
1
Suppose 332 = 3*i - 2*x, -6*x + 2*x = -5*i + 550. Let w = i - 43. What is the units digit of w?
1
Let i = 59 - 55. Suppose 3*p + p - 507 = -5*a, -a = i*p - 111. What is the units digit of a?
9
Let i = -5 + 21. Suppose 0 = g + 3*s - 6*s - i, 4 = 5*g + 4*s. What is the tens digit of 2 + g/(-1) - -18?
1
Let z be 36/21 + (-4)/(-14). Suppose -w - 3 + z = 0. Let g = w + 34. What is the tens digit of g?
3
Let h(f) be the third derivative of -7*f**4/24 - 2*f**3 + 2*f**2. What is the tens digit of h(-11)?
6
Let m(a) = 40*a - 1. Let t(s) be the second derivative of s**4/12 - s**3/3 + s**2/2 - 3*s. Let n be t(2). What is the tens digit of m(n)?
3
Suppose 15*n - 3060 = -5*n. What is the units digit of n?
3
Let v(w) = 157*w**2 - 3*w + 3. Let j be 2*(-3 + 14/4). What is the units digit of v(j)?
7
Suppose 5*d - 11780 = -15*d. What is the tens digit of d?
8
Suppose -2*c + 4*c - 162 = 0. Suppose 4*k - c = 127. What is the tens digit of k?
5
Suppose -14295 = -6*f + 4539. What is the units digit of f?
9
Let u = -340 + 988. What is the hundreds digit of u?
6
Let a(q) = -4*q + q**2 + 0*q**2 + 3*q + 30*q**2 - 16*q**2. Let t = -3 - -2. What is the units digit of a(t)?
6
Let g(k) = -3*k**2 + 3*k + 4. Let m be g(2). Let f(w) = -23*w**3 + 4*w**2 - 2*w - 1. What is the tens digit of f(m)?
0
Suppose 23*d + 2616 = 31*d. Suppose -12*y + 303 = -7*y + 4*h, 5*y - 4*h = d. What is the units digit of y?
3
Let a be -1 + -4 - (-1386)/(-3). Let m = -190 - a. What is the tens digit of m?
7
Let h = 3194 + -664. What is the units digit of h?
0
Let n(g) = 526*g - 226. What is the hundreds digit of n(2)?
8
Suppose 0 = 2*x + 10*x - 12. What is the tens digit of ((7/(-4))/((-1)/92))/x?
6
Let k = 33 + -42. Let q = 60 - k. What is the tens digit of q?
6
Suppose 2015 = -5*n + 9785. What is the tens digit of 2/(-4) + n/28?
5
Let r be (-3)/(-6) - (-19)/2. Let j(z) be the third derivative of -z**5/60 + 2*z**4/3 - 3*z**3 + z**2. What is the tens digit of j(r)?
4
Let p(n) = n**3 + 5*n - 2. Let j be p(3). Suppose -j*g = -38*g - 192. What is the units digit of g?
6
Suppose -7799 = -50*i + 35001. What is the units digit of i?
6
Let z(f) = f**2 - 11*f + 2. Let y be z(12). Suppose -c - 5 = -5*i + y, 4*i - 12 = 0. Let n = c + 7. What is the units digit of n?
3
Let j = -31 + 35. Suppose 55 = 5*h - j*b - 165, 0 = -4*h - 4*b + 140. What is the tens digit of h?
4
What is the tens digit of 2 - -3*187 - (-3 + 0)?
6
Suppose -5*d + 4903 = 2*v, -82*d + 2454 = v - 79*d. What is the tens digit of v?
3
Let i(u) be the third derivative of -u**6/120 + 7*u**5/60 + u**4/12 - 7*u**3/6 + 6*u**2. Let n = -6 - -12. What is the units digit of i(n)?
1
Let i = -9 - -33. What is the tens digit of 2/6*i/(-16)*-106?
5
Suppose -2*q + 920 = -2*k, 4*q - 36*k + 40*k - 1848 = 0. What is the hundreds digit of q?
4
Let t = 21 + 23. Let g = 70 - t. Let p = -12 + g. What is the tens digit of p?
1
Suppose -4 = -8*a - 4. Suppose a = -4*m + t + 252, 0 = 4*m - 4*t + 5*t - 252. What is the tens digit of m?
6
Suppose 5*n - n + 3*h = -4, -2*n + 3*h = -16. Suppose -2*b - 5*t + 15 = 0, 0*b - n*b + 23 = -3*t. Suppose b*r - 6*r = 192. What is the units digit of r?
8
Let j = 4 + 3. Suppose 0 = -j*r + 9*r - 4. Suppose r*s = -s + 102. What is the units digit of s?
4
Let y = 23 + -18. Suppose 2*l + 58 = 3*l + 2*d, 260 = y*l - 5*d. What is the tens digit of l?
5
Let q(d) = -d - 7. Suppose -5*l = -5*b + 40, -l = -3*b + 8*b + 26. Let a be q(l). Suppose a*t - 3 - 9 = 0. What is the units digit of t?
3
Let a be 3 + (-3 - -2) + 4. Let i = a - 3. Suppose -i*c + 47 = -4*u, 71 - 10 = 4*c - 5*u. What is the units digit of c?
9
What is the units digit of 2 + -3*(6 + -25)?
9
Let o(n) = -n - 4. Let r be o(-8). Suppose -23 = -k - f, -59 = -4*k + r*f + 65. What is the tens digit of k?
2
Suppose 7 = 2*r - 1. Suppose 0 = -2*b - 4*q + 352 + 104, r*b + 4*q = 900. What is the units digit of b?
2
Let a be 1*(-2)/((-2)/4*2). Suppose 2*n + a*l - 88 = -0*n, -3*l + 83 = 2*n. What is the units digit of n?
9
Suppose 0*v + v = -5*w + 1409, -5*v = -3*w + 851. What is the tens digit of 1 + w/3 + 3?
9
Suppose -5657 = -22*k + 1801. What is the tens digit of k?
3
Suppose -12*z = -9*z + g - 2273, 1487 = 2*z - 5*g. What is the units digit of z?
6
Suppose -r - 4*r - z = -2, -4*z = -4*r - 8. Suppose r*s + u = -s + 69, 2*s = u + 126. What is the units digit of s?
5
Let t = 29 + -24. Suppose -t*r + 10 = -0. What is the tens digit of (r/6)/((-2)/(-66))?
1
Suppose 0 = -7*g + 6*g - 73. What is the units digit of 9 + -5 + (0 - g)?
7
Let z(p) = p**3 + 16*p**2 - 7*p + 28. Let u(a) = -a**3 - 15*a**2 + 7*a - 29. Let r(b) = -3*u(b) - 2*z(b). What is the hundreds digit of r(-13)?
1
Let d be 3 - (-155)/(-55) - (-53)/11. Suppose -4*l - 3*g + 607 = -4*g, d*l = 4*g + 756. What is the tens digit of l?
5
Suppose 0 = 30*p - 8497 - 4643. What is the tens digit of p?
3
Suppose 3 - 7 = -d. What is the hundreds digit of (d/14)/1 + 87685/455?
1
Suppose -4*d = q - 607, -5*d + 4*q + 326 = -3*d. Let f = d + -92. What is the tens digit of f?
6
Suppose 12*z - 576 = 216. What is the tens digit of z?
6
Let j(v) = -v**2 + 21*v + 25. Let k be j(22). Suppose -k*z = -19*z + 3472. What is the units digit of z?
7
Let w = 2066 - 1402. What is the tens digit of w?
6
Let d = 1333 + -543. Suppose 9*b - 7*b + d = 4*h, 0 = 3*h + 5*b - 560. What is the hundreds digit of h?
1
Let x be 16/3 - (-7)/(-21). Suppose -x*r - 7 = -92. Let u = r + -1. What is the units digit of u?
6
Let d = 2302 - -1819. What is the units digit of d?
1
Let a(x) = x + 10. Let u be a(-5). Suppose 0 = u*m - 2*k - 325, k - 58 = -m - 0*m. What is the tens digit of m?
6
Let w = 480 - 342. Let z = w - 75. What is the tens digit of z?
6
Let i = -19 + 67. Suppose -9*q + 6*q + i = 0. What is the tens digit of q?
1
Let a(h) = 5. Let s(l) = -l - 4. Let o(x) = 4*a(x) + 3*s(x). Let c be o(4). Let d(t) = -3*t - 7. What is the units digit of d(c)?
5
Let o = 74 - 10. Suppose 1 = -3*k + o. What is the tens digit of k?
2
Suppose 0*k - 2750 = -11*k. What is the tens digit of k?
5
What is the units digit of 2/(-7) + 450/35*47?
4
Suppose -2*h - 12 = -4*u, -3*u + 1 = -h - 7. Let g(a) = 4*a - 28. Let l be g(7). Suppose 0*m + j + 13 = u*m, l = -4*m + 4*j + 28. What is the units digit of m?
6
Let f(x) be the first derivative of -5*x**2 - 13*x + 12. What is the units digit of f(-5)?
7
Let p(c) = 10*c**2 - 7*c. Let s(i) = 10*i**2 - 6*i. Let t(w) = -5*p(w) + 6*s(w). Let a be t(1). Suppose -10*n = -a*n - 62. What is the units digit of n?
2
Suppose 366 = 3*x - 3*k, -6*x - 4*k = -7*x + 113. What is the tens digit of x?
2
Suppose -19*t = -19709 - 18975. What is the thousands digit of t?
2
What is the hundreds digit of 5 - -1174*(-8)/(-16)?
5
Suppose 2*i + 10281 - 30371 = -5*r, -r + 4045 = -5*i. What is the tens digit of r?
2
Suppose -24*h + 26700 - 8820 = 0. What is the units digit of h?
5
Let a(p) = 2*p**2 + p + 345. What is the units digit of a(0)?
5
Let r(m) = -46*m + 6. Let v(i) = -93*i + 13. Let w(n) = -5*r(n) + 3*v(n). What is the hundreds digit of w(-2)?
1
Suppose 0 = 3*x - 4*x - 1, -3*x - 1793 = -5*y. What is the tens digit of y?
5
Let i(h) be the first derivative of h**7/420 - h**6/120 + h**4/12 + 5*h**3/3 + 4. Let j(y) be the third derivative of i(y). What is the units digit of j(2)?
6
Let x(g) = 2*g**2 - 17*g + 25. Let y be x(7). Suppose -3*c = 2*i + 45, c + 3*c = 2*i + 52. What is the units digit of 201/y + (-18)/i?
1
Suppose -7*x + 510 = -197. What is the tens digit of x?
0
Let l(f) = -f**2 - 6*f - 4. Let z be l(-2). Suppose 0 = z*t + t + 3*p - 1013, 4*t - 805 = 3*p. What is the tens digit of t?
0
Let z be (12/(-30))/((-1)/15). Let c(m) = 19*m**2 - 20*m**2 + 7*m - z + 1. What is the units digit of c(6)?
1
Suppose 3312 = 3*k - m, 2*m - 3298 = -2*k - 1082. What is the thousands digit of k?
1
Suppose 0 = 2*y + j + 35, 6*j - 2*j + 76 = -4*y. Let t be (-8)/(-12) + y/6. What is the units digit of 5/(-2)*(t + 0)?
5
What is the tens digit of (-32)/((-32)/4) - -1830?
3
Let i(s) = -s**3 + s**2 - 2*s - 2. Let q be i(-1). Suppose -l = -3 - 20. Suppose -q*d + u = -d - 11, l = d - 5*u. What is the units di